 367258 - 367259. Determine h(g).
2
Let t(k) be the first derivative of -k**4/4 + 5*k**3/3 + 3*k**2/2 - 7*k + 28. Let a(o) = 8*o**2 - 7 + 7*o - 5*o**2 - 4*o**2. Let c be a(4). Determine t(c).
8
Let y(m) = 3*m - 32. Suppose -3*z = 5*i - 51, 0 = 2*i + 4*z - 1 - 25. What is y(i)?
-5
Let x(n) = 2*n**3 - 7*n**2 + 11. Let f be 5/(14/84*6). Calculate x(f).
86
Suppose -k - 3 = -0*k, 5*u + 4*k = -22. Let m(r) = 6187 + 6*r**2 - 6187. Give m(u).
24
Let y be (-2)/3*((-5 - -10) + -2). Let x(a) = 2 + 1 - 2. Let d(m) = 2*m - 1. Let h(k) = y*x(k) + d(k). What is h(6)?
9
Let q(l) be the third derivative of l**6/120 + l**5/4 + 5*l**4/6 + 13*l**3/3 - 2*l**2 - 453*l. Determine q(-14).
-58
Suppose 0 = -51*p - 719 - 97. Let x(z) = -z**3 - 14*z**2 + 34*z + 17. Determine x(p).
-15
Let j(q) = -q**3 - 4*q**2 - q - 3. Suppose -5*h = -398 + 3. Suppose -h = -4*c + 33. Suppose 31*x = c*x - 12. Determine j(x).
1
Let b(r) = -5*r + 1. Let n(i) = 4*i - 2. Let u be -6*((-16)/3 + 6). Let l(y) = u*n(y) - 3*b(y). What is l(4)?
1
Let v be (2 + 2)*1870/(-340). Let f(t) = t**3 + 21*t**2 - 19*t + 71. Determine f(v).
5
Let f(w) = -w**2 - 43*w - 103. Let d be f(-40). Suppose 0 = 5*z + 5*i - 57 + d, -9 = -z - 2*i. Let m(o) = -o**2 + 8*o + 7. Determine m(z).
14
Let s(q) = -q**3 + 5. Let o be s(0). Let k(h) = 17*h - 231. Let u(m) = 9*m - 122. Let a(c) = -10*k(c) + 19*u(c). Determine a(o).
-3
Let l(d) = d + 2. Let o be 2*((-8)/(-12) + (-1)/(-3)). Suppose 7*i + o - 2 = 0. Suppose i = -3*v + 8*v + 35. What is l(v)?
-5
Let z(u) = -u**3 - 33*u**2 + 81*u - 87. Let f be z(-36). Let r = f - 875. Let o(p) = -p**2 + 9*p - 14. Determine o(r).
-24
Suppose -8*d + 102 = 94. Suppose b - 1 = 1. Let y(a) = -1 + a + b*a**3 - 10*a**3 - a + a**2 + a. Determine y(d).
-7
Let f(k) = -k**3 - 12*k**2 - 10*k + 5. Let j be ((-1254)/285)/(6/15). Calculate f(j).
-6
Let f(r) = r**2 + 6*r - 4. Let k be (0 - 15)*(-21)/(-1260)*24. Calculate f(k).
-4
Let k(f) = 2*f + 24. Let t = 352 + -366. Let p be k(t). Let u(s) = -2*s**2 - 3*s + 3. What is u(p)?
-17
Let g(r) = -10*r - 48. Let w be g(-5). Suppose w*t + 4*t = 30. Let h(y) = -y**2 - 3*y + 5. Calculate h(t).
-35
Let g(f) be the second derivative of -f**7/2520 + f**6/360 + f**5/120 - 9*f**4/2 - f**2/2 + 2*f - 50. Let x(n) be the third derivative of g(n). What is x(0)?
1
Let f(p) = 2*p + 8. Let m(h) = 3*h + 8. Let v(x) = -4*f(x) + 3*m(x). Let l be v(5). Let w(a) be the first derivative of -a**2 + 2*a - 6. Determine w(l).
8
Suppose -18*s = -14*s + 20. Let a(j) = 7*j**2 - 21*j**2 + 1 + 13*j**2 - 4*j. Calculate a(s).
-4
Let u = 487 - 481. Let h(p) = p**2 + 17*p + 13. Let b(t) = t**2 + 16*t + 12. Let g(d) = u*h(d) - 7*b(d). What is g(-9)?
3
Let o(n) = -n**3 - 2*n**2 + 6*n + 2. Let v = -2718 + 2714. Determine o(v).
10
Let g(i) = -3*i**3 - i**2 - i. Suppose 2*t = 4*j + t + 48, j + 4*t + 29 = 0. Let r(v) = v**3 + 12*v**2 - 12*v + 11. Let u be r(j). What is g(u)?
22
Let a(m) be the second derivative of 0 + 58*m + 2/3*m**3 - 9/2*m**2. Suppose 3*h + 0 = -3, 3*h = -3*n + 15. Give a(n).
15
Let j(c) = -c**3 - 9*c**2 + 5*c + 8. Let f = 920 + -930. What is j(f)?
58
Suppose 102*c - 79*c - 2530 = 0. Suppose -c = -15*q + 25. Let d(p) = 3*p - 22. What is d(q)?
5
Let p(h) = -7*h + 30. Let x be p(4). Let r(g) = 9 - 2*g**2 - 2*g - 4*g + 0*g - 8 + 3*g**x. Let v = 13 + -9. What is r(v)?
-7
Suppose 0 = 39*a - 41*a + 88. Let i = 39 - a. Let v(w) = 7*w - 5. Let j(m) = -11*m + 8. Let p(b) = i*j(b) - 8*v(b). What is p(3)?
-3
Let c(v) = -v**2 - 39*v - 362. Let m be (9/5)/(-29 + (-8099)/(-280)). Give c(m).
-2
Let b(q) = q**3 - 6*q**2 + 5*q - 7. Let p = -33 + 33. Suppose p = 4*w - 18*w + 70. Give b(w).
-7
Suppose 130*v + 154 = 119*v. Let u(i) = i**2 + 14*i + 2. Determine u(v).
2
Let v(x) = x - 6. Let k be ((-13)/3)/((-7)/315). Let t = k - 189. Calculate v(t).
0
Let a(h) = -4*h - 20. Let w = -3689 - -3695. What is a(w)?
-44
Suppose -4*m - 4*m + 40 = 0. Suppose -7 = -m*k + 3. Let g(p) = 4*p - 3*p - p - p - p**k. Calculate g(-2).
-2
Let u(v) = 5*v + 32. Suppose -5*t - 29 = a, 2*a - 32 = 10*t - 5*t. What is u(t)?
2
Suppose 27 = 4*y - 9. Suppose -y*r = 4 - 22. Let a(b) = -3*b**3 - 7 + 24*b**r + 5*b**3 - b**3 - 16*b**2. Calculate a(-8).
-7
Let m(p) = -3*p**3 + 2*p**2 + p. Let w(k) = k. Let r be w(4). Suppose 5*i + 126 = r*b, 4*i + 2*b = -26 - 54. Let n = -23 - i. Determine m(n).
4
Let v(w) = -113*w - 10. Let j(z) = -8*z**2 + 13*z + 20. Let q be j(-1). Give v(q).
103
Let u(t) = 5*t**2 + 9*t + 6. Let i(o) = -7 + 48*o - 6*o**2 - 59*o + 45*o - 45*o. Suppose -5*r - q = q, -3*r - 5*q = -19. Let c(m) = r*i(m) - 3*u(m). Give c(-3).
-16
Let o(n) be the second derivative of -n**6/360 + n**5/12 - n**4/2 - 53*n**3/6 + 61*n. Let r(h) be the second derivative of o(h). Determine r(9).
-3
Let a(l) = -l**3 - 11*l**2 - 13*l - 48. Let h be a(-10). Let g(u) = -u**2 - 17*u + 25. What is g(h)?
7
Let f(u) = 2*u - 16. Let i = 2713 - 2715. Calculate f(i).
-20
Suppose 2*i - 2 = 2*y - 3*y, 0 = 5*i + 5*y + 5. Let l(p) = -i*p**2 + 1 - 2*p**2 - 385*p + 383*p - 2*p**2. Calculate l(-2).
-23
Suppose -v - 3 = 2*v. Let b(a) = 95*a**2 + 109*a + 16. Let s(h) = 632*h**2 + 722*h + 106. Let z(w) = 53*b(w) - 8*s(w). What is z(v)?
-22
Let q be 9 - (-4)/(-1 - 1). Let m(p) = -p**2 + 69*p + 17. Let i(y) = -3*y**2 + 187*y + 46. Let w(l) = -3*i(l) + 8*m(l). Calculate w(q).
-16
Let l(t) = 19*t - 173 - 202 - 4*t**2 + 368 + 3*t**2. What is l(15)?
53
Let l(s) = -s**2 + s - 2. Suppose 2 = -2*c - 4, 5*k + 5*c + 15 = 0. Suppose k = 27*y - 21*y - 24. Let x be (5 + -5)*y/(-12). Give l(x).
-2
Let r = -10 - -5. Let l(k) be the third derivative of 11/6*k**3 + 0 + 1/24*k**4 + 19*k**2 + 0*k. Determine l(r).
6
Let b(c) be the second derivative of -7*c**4/6 + 43*c**3/3 - c**2 - 6187*c. What is b(6)?
10
Suppose -42*b + 17 + 949 = 0. Let p(g) = -2*g**2 + 47*g - 29. Give p(b).
-6
Let g(m) = -4*m**2 - 9*m + 21. Let d(x) = -x**2 - 2*x + 4. Let k(s) = -11*d(s) + 2*g(s). Let j be 5*(-13 - (-1220)/100). Give k(j).
30
Let q(g) = g**2 + 4*g - 6. Let j = 0 + 1. Let z(a) = 26*a**2 - 2*a + 1. Let n be z(j). Suppose -y = 4*y + n. Calculate q(y).
-1
Let m(t) be the third derivative of -5/24*t**4 - 17*t**2 - 2/15*t**5 - 1/120*t**6 + 0*t - 5/3*t**3 - 3. Determine m(-7).
-24
Let f(z) = -17*z + 5230050*z**3 - 39 + 23*z**2 - 5230051*z**3 - 3*z + 12. Determine f(22).
17
Let k = -620 - -320. Let q = k + 296. Let x(n) = -14*n - 4. Give x(q).
52
Let x(v) = -2*v**2 + 15*v - 27. Let r be -9*145/261 + 7/1. What is x(r)?
-5
Let k(d) be the second derivative of d**4/12 + 5*d**3/6 + 11*d**2/2 - 2*d + 1318. Give k(0).
11
Let c(q) = -2*q - 18. Let t = 11752 - 11764. Give c(t).
6
Let s(i) = -i + 13. Let g(h) = 4*h - 55. Let r(d) = 2*g(d) + 9*s(d). Let b = -5 - -16. Calculate r(b).
-4
Suppose 7 = 5*m + v, -2*m + 4 + 9 = -3*v. Let z(t) = 2916*t - 363 - 2*t**2 - 359 + 722 - 2915*t. Give z(m).
-6
Let f(u) = u**2 + 9*u - 100. Let g be f(-25). Let p = g + -297. Let b(m) = m**3 - 3*m**2 - 6. Calculate b(p).
-6
Let s(d) be the first derivative of d**4/2 + 44*d**3/3 + 41*d**2/2 - 26*d - 9286. Give s(-21).
-5
Suppose 3*o - 17*l - 22 = -15*l, 0 = -4*o + l + 21. Let r(n) = 6*n**3 + n**2 + n - 10. Let u(f) = -5*f**3 - f + 9. Let h(i) = o*r(i) + 5*u(i). Calculate h(3).
11
Let s(a) = -a**3 + a**2 - 5*a - 5. Let n = -31 + 28. Let z be s(n). Let h(u) = 26*u + 21*u - 1 - z*u. Give h(2).
1
Let g be 1/((-3)/(-1 - -4)). Let p(d) be the third derivative of -d**7/2520 + 17*d**5/30 + 25*d**2. Let z(r) be the third derivative of p(r). Determine z(g).
2
Let h(f) = 2*f + 2. Let v(y) = -2*y**3 + 10*y**2 + 3*y - 12. Let w be v(5). Suppose -u + 6 = -2*o, -4 = -w*o - 10. Calculate h(u).
6
Let k(g) = 35 + 20 - 258*g - 7 + 279*g + 32 + g**2. Give k(-11).
-30
Let w(l) be the first derivative of -7*l**4/24 + 2*l**3/3 + 169*l**2/2 - 72. Let b(m) be the second derivative of w(m). Determine b(-3).
25
Let q be ((-9)/12)/((-1)/4). Let z be 1/7 - 39/(-21). Let n(v) = 1526*v - 1526*v + 3 - v**z. What is n(q)?
-6
Let z(f) = -f**2 - 4*f + 14. Let i be -5 + (1 - 10) + 8. What is z(i)?
2
Let j(w) be the first derivative of w**3/3 - w**2 + 62*w + 61. Let i(b) be the first derivative of j(b). Let g be 4*2/20*-5. What is i(g)?
-6
Let l(d) = 3*d + 58. Let c(x) = 3*x**3 + 17*x**2 + 26*x - 16. Let w be c(-3). Give l(w).
-8
Let c(w) be the second derivat